0) + 16)?
-40
Calculate 6 + (46 - 4) + -8 - 115.
-75
What is (1 + 0 + -2 - -41) + 5162 + -5160?
42
Evaluate -1 + -6 + (169 + -166 - (-7 - 1)).
4
What is 78 + -187 + 73 + 15?
-21
Evaluate 11 - (33 + -24 + -14 + 3).
13
What is the value of 19 + 4 - (-18 - -55)?
-14
What is the value of -7 + 3 + (-2 - -1) - (11 + -32 - 8)?
24
Calculate 77 + (5 - 7) + (-46 - -35).
64
52 + (45 - (-13 + (28 - 3)))
85
Evaluate -18 + 11 + -13 + (69 - 55).
-6
What is the value of (-9 - -4) + 1 - -3 - (17 + -40)?
22
Calculate -2 + (-40 - (5 + -13 + -6)).
-28
Calculate 20 - (14 - (1 - 2 - 2)).
3
What is (-9 - (-9 - (27 - -4))) + 3?
34
What is -1 - ((-23 - (98 + -40)) + 17)?
63
Evaluate 3 - 21 - ((9 - 0) + 34 + -43 + 2).
-20
-50 + (5 - 15) - (5 - -8) - -5
-68
-5 + -44 + (-688 - -798)
61
Evaluate -170 - (-38 + -26 + 45 - 17).
-134
Evaluate (26 + -20 + -15 - (-2 + -6)) + -2 - 58.
-61
-23 + 1 + 416 + -405 + 15 + -16 + 1
-11
Evaluate (-4 - -2) + 2 + 3 + (11987 - 12017).
-27
Evaluate 7 + -38 + (19 + -17 - (2 + (0 - 4))).
-27
Evaluate (44 - 53) + -39 - -24.
-24
What is -122 + 105 + (45 - -1) - 23?
6
What is the value of -97 - (-79 + -70) - 73?
-21
Calculate (13 - 17 - 39) + 12.
-31
Calculate 75 + (138 - 204) + (29 + 1 - 1).
38
Evaluate -2 - (19 + -57 - -8).
28
What is (39 - 51) + 6 + 44 - 24?
14
What is the value of 86 - -7 - (24 + (5 - 9))?
73
Evaluate -24 + (58 - 30) + (-6 - -59).
57
Calculate -39 + (12 - (-5 - -6) - -7) - -57.
36
What is -13189 + 13172 + 3 + -81 + (-2 - 0)?
-97
(-5 - ((10 - (10 - 10)) + -6)) + (-8 - 2)
-19
Calculate -15 - (-3 - (11 + -8)) - (3 + 19 - 8).
-23
What is -1 - 98 - (369 - 129 - 256)?
-83
What is the value of -107 - -52 - (-23 - (0 + 9))?
-23
(88 - (25 - -98)) + 51 + -3
13
What is 10 - 0 - ((-55 - -9) + (127 - -46))?
-117
Calculate (28 - -44) + (5 - (-12 - -13)).
76
Evaluate (-76 - -1) + -22 + 48 + -51 + 21.
-79
What is (-23 - (23 + -43)) + 9 - (37 + 0)?
-31
-70 + (-7 - -59) + 45
27
What is the value of (69 + -34 - (27 + 1)) + -10?
-3
Calculate 9 - ((3 - 35) + 81) - 27.
-67
What is 6 + (5 - ((-15 + 5 - -8) + 12))?
1
What is (-8 - (-1 + 9)) + -6 - -67?
45
What is -31 + (-1 + 2 - (-124 + 127))?
-33
What is the value of -43 + (31 + -14 - -33) - -95?
102
What is the value of 78 - (8 + 3) - (-384 - -380)?
71
What is 28 - 0 - (-17 + 2 - (-32 + 25))?
36
Calculate -5 + 22 - (12 - (-44 - 7)).
-46
Evaluate 28 + -27 + 45 - -6 - 0.
52
Evaluate 2 + (-55 - -54 - (1 + -120)) - (44 + -49).
125
Evaluate -66 + (-26 - -71 - -10).
-11
What is -8 + (-7 + -34 - -39)?
-10
What is the value of 8 + (6 + -7 - (77 - 1 - 5)) - -9?
-55
1193 - 1151 - (-1 + -31)
74
Evaluate -168 - -3 - (-30 + 194 + -205).
-124
Evaluate -20 + (30 - -20 - 37) + -101.
-108
Evaluate (2514 - 2509) + 0 + -44.
-39
Calculate -24 - (-55 + 3 + (226 - 247)).
49
Calculate (-2 - (2 + -1)) + -5 + (20 - 16) + 29.
25
16 + -8 + 5 + -3 + 2 + (99 - 109)
2
Evaluate -32 - (-100 - -74) - 9.
-15
What is (-5 - 2) + 26 + -77 + (-5 - -8)?
-55
-42 - (30 + 70 + -176)
34
3 - -15 - (-42 - (-38 + 8) - -70)
-40
What is the value of 58 - (-3 + 17 + (10 - 15) + -8 - 1)?
58
What is the value of -4 + 85 + -179 + 182?
84
What is 11 + 9 + (-5 - (13 - (21 - 10)))?
13
What is 17239 + -17340 - (-146 - 1)?
46
What is -73 + -51 + 33 + 91?
0
Calculate 7 + 1 + 5 + (62 - (61 + -59)).
73
Calculate (-6 - 4) + 11 + (12 - 24) + 30.
19
Evaluate (-761 - -728) + (-34 - 0).
-67
Calculate -40 + 11 + (-135 - -85).
-79
What is the value of -4 + (7 - (-11 + 10)) + -9 + -36 + 1?
-40
(-13 - (-38 + 34) - -31) + 42
64
What is the value of -21 + 2 + 3 + (6 - 2) - (333 - 322)?
-23
Evaluate 179 + -19 + -179 - (-61 - 1).
43
Calculate 74 - (-5 - -7) - 2 - (217 + -210).
63
Evaluate -2543 - -2650 - (1 + 94).
12
What is the value of 0 + -4 + (-10 - -3) - (-141 + 48)?
82
(-214 - -8 - -204) + -1 + -30 + -2
-35
What is the value of 42 - (-2 - -9 - (-3 + 20 + 2))?
54
What is 13 - (5 - (2 + -13) - 1) - -1?
-1
What is the value of (66 + -116 - -105) + -11?
44
Calculate (-90 + 84 - -14) + (13 - (-2 - -2)).
21
Calculate (29 - (6 + -4 + 74)) + -13 + -3.
-63
What is the value of (2 - -12) + -32 + -14 + 17 + 14?
-1
(-33 - -77) + (9 - -7) - 19
41
-561 + 564 + -4 + -5
-6
Calculate (-5 - 6) + (-8 - (-43 + (23 - 62))).
63
What is the value of -6 + 1 - (72 - (-18 - 0) - 2)?
-93
Calculate -47 + -4 - (-223 + 190).
-18
What is 23 + -14 + (48 - 26)?
31
What is the value of -213 + 216 - (0 + -8) - 17 - -1?
-5
(-30 - -196 - 190) + (87 - 1)
62
What is 20 - 13 - 21 - (79 + (-13 - -9) + 11)?
-100
130 - 148 - (20 + -2 + -7 + -8)
-21
(2324 - 2288) + (25 - 2)
59
Evaluate (-28 - -139) + -106 - (0 + 0 - (0 + -12)).
-7
Calculate (-7 - (-13 + -2)) + (-12 - -2) + -11.
-13
What is the value of -137 - (13 - (54 + 40))?
-56
-76 - (-44 + (-115 - -22))
61
Calculate 2 + -34 - (154 + -199) - (39 - 1).
-25
39 - (35 + (-22 + 84 - 17))
-41
Calculate -1 + (19 - 2) + 8 + -20.
4
Calculate 129 + (-62 - -30) - (-17 - -12) - (1 + -13).
114
(-27 - (-14 + -8)) + 10 + 0 - 55
-50
What is -2 - (-78 + (-16 - -37))?
55
What is the value of 3 - (-2 + 1 - (10 + (-24 - -1)))?
-9
Calculate (-20 - 0) + -52 + 62 + 12.
2
Evaluate (32 + 13 - 2) + -105 - ((0 - -2) + 11).
-75
14 - 0 - (-215 - -341 - 114)
2
What is the value of (8 - -1 - (0 - -12 - 0)) + 1 - 26?
-28
21 - ((-13 - (-4 + 12)) + 32)
10
What is (1 - 1 - (-56 + 56) - (21 - 11)) + -2?
-12
What is the value of 101 - (-23 - -91 - 69 - (3 - 18))?
87
What is (19 - (1 + 4)) + 143 + -129?
28
135 + -44 + -110 - (10 - 4 - 4)
-21
-21 - (10 - (23 + -6 + -11))
-25
-2 - ((-9 - 1) + 20) - -13 - -9
10
What is -43 + 7 + 4 + -1 + (12 - 22)?
-43
Calculate (-46 - (-96 - -55) - (-1 - -13)) + -70.
-87
What is the value of -46 + (10 - 37 - -94) + -128?
-107
What is -38 - (-88 - (-140 - -9))?
-81
Evaluate 15 + -35 - -32 - 15 - -55.
52
Evaluate -106 - (114 + -32 - 94).
-94
What is the value of 56 + (118 - 61 - 91) + (-121 - 0)?
-99
Evaluate (37 - 9) + 30 - -16.
74
Calculate (-4 - -5) + -4 + 8 + -57 + 0 - 0.
-52
What is -50 + (50 - (28 - -7))?
-35
Calculate 83 + 1 + -46 + -8 + (-12 - -85).
103
What is the value of 2 + -26 - 37 - -110?
49
-10 + 2 + (3 - 18 - (-53 + -20))
50
What is -22 - ((23 - 93) + 10 + -4)?
42
What is 217 - (57 + 68) - 101?
-9
What is -10 + 39 - 9 - (-11 - -46)?
-15
Evaluate (65 - ((-12 - 4) + -26)) + -17.
90
What is 3 + -12 - (-16 - 0 - (-345 + 324))?
-14
Calculate (40 - 62) + 2 + -35 + (10 - (4 + 0)).
-49
What is 277 - 224 - (50 + -10) - (52 + 0 + 0)?
-39
Evaluate -104 + 88 + -83 + 184.
85
3 + (19 - 33) + -2 + -6 + 5
-14
Calculate -25 - (98 - (121 - -64)).
62
Evaluate 113 + -203 + 91 + 2 + -93.
-90
Evaluate -26 - (-75 - -26) - (-7 + (-2 + 1 - -6)).
25
Calculate 72 - 1 - ((383 - 99) + -281).
68
What is (10 - 1) + (-4 - (-4 - -4)) + 0?
5
Calculate 5 - -88 - (1004 - 943).
32
1 + -24 + -17 + 1 + (-65 - (48 + -137))
-15
What is the value of (0 - -7 - (8 + 3 + -8 - 44)) + -9?
39
-96 + 74 - (-1 - -2) - -25
2
Calculate -11 + (-30 - (-121 - (-16 + 33))).
97
What is the value of 280 - 225 - (112 - -2)?
-59
Evaluate -132 + -1 + -5 + 9 - (-2 + (-8 - -19)).
-138
What is the value of -42 - 3 - -1 - (0 + -13 + 13 - -10)?
-54
-9 - (-12 - (-3 + -5 + (-23 - 16)))
-44
Calculate -18 + 24 - (34 - 23).
-5
Evaluate 35 + (22 - (-36 + 0 - -29)).
64
What is 5 + -5 - (-45 - (11 + (3 - (-7 - -12))))?
54
Evaluate -14 - (6 - 26) - (6 + (50 - (-8 - -6))).
-52
What is the value of -141 + -15 - -139 - (73 + -2)?
-88
What is 3695 + -3672 + 0 + -75?
-52
Calculate -3 + 27 + (64 - 82) + (-5 - -71).
72
(353 - 161) + -164 + (-2 - (-15 - 0 - -1))
40
Calculate (1 - (2 + -2)) + 44 + -6935 + 6938.
48
4 - (1 - 19 - 2 - (-68 + 95 + -34))
17
What is 59 + -140 + -17 + 50?
-48
What is 7 + -33 + 8 + 18 - -2?
2
Evaluate (2 - 1) + (-109 + 156 - (25 + -4)).
27
Calculate (-13 + 0 - -1) + (-146 - (-69 + -124)).
35
73 - ((-1 - 1) + -8 + 2 + (52 - 44))
73
What is 1 - -72 - (-17 - -25 - 2) - (4 + 3)?
60
What is the value of (54 + -4 - (11 - (17 - 18))) + 4 + -15?
27
What is -1057 - -1146 - (-2 - ((0 - 1) + (-1 - -4)))?
93
Calculate (2 + -1 - -33) + -1015 + 1006 + 3.
28
26 - (10 - (6 + (-12 - -9) + 3 + 0))
22
What is the value of (42 - (-17 + 4 + -43)) + -12 + 4?
90
-2 + 43 - (-35 - -79)
-3
(52 - (63 + -21)) + 36
46
What is the value of -67 + (-42 - 45 - -78)?
-76
Calculate 69 + -4 + (718 - 733).
50
(64 + 1 - 1) + (-283 - -2